1552495273 a multiple of 1151?
True
Is 577 a factor of 183592745?
True
Does 108 divide 20833308?
True
Does 420 divide 632496480?
True
Is 56307506 a multiple of 818?
False
Is 348429435 a multiple of 3?
True
Is 154291020 a multiple of 290?
True
Is 53925850 a multiple of 234?
False
Is 549165917 a multiple of 378?
False
Does 137 divide 24251343?
False
Does 17 divide 32775223?
False
Is 3 a factor of 4482068?
False
Is 18 a factor of 105895584?
True
Is 672892419 a multiple of 17?
True
Does 679 divide 17159688?
True
Is 709 a factor of 238352634?
False
Does 15 divide 220993545?
True
Is 507383074 a multiple of 37?
False
Is 18261540 a multiple of 91?
False
Is 54 a factor of 534969051?
False
Does 6 divide 392151231?
False
Is 88 a factor of 9577937?
False
Is 15 a factor of 57783930?
True
Is 187 a factor of 580991235?
True
Is 1322 a factor of 3281204?
True
Is 70 a factor of 580092921?
False
Is 10008295 a multiple of 3215?
True
Is 3817936 a multiple of 361?
True
Is 30 a factor of 65095920?
True
Does 67 divide 56898946?
True
Does 214 divide 81354882?
True
Is 61 a factor of 933083633?
True
Does 1872 divide 261899762?
False
Is 35273735 a multiple of 287?
True
Is 17 a factor of 13887189?
False
Does 79 divide 309991612?
False
Is 122957852 a multiple of 41?
True
Does 5 divide 27760416?
False
Is 59780302 a multiple of 378?
False
Is 3907760556 a multiple of 394?
True
Does 8 divide 367048489?
False
Is 5 a factor of 4143995?
True
Is 108 a factor of 975392820?
True
Is 955306558 a multiple of 251?
False
Is 432 a factor of 140778344?
False
Does 15 divide 733334859?
False
Is 595 a factor of 266330797?
False
Does 54 divide 183415950?
False
Is 32 a factor of 1563539?
False
Does 7416 divide 2373997319?
False
Does 7 divide 5477572?
False
Does 61 divide 264614462?
True
Is 98 a factor of 30718492?
True
Is 169 a factor of 877697613?
True
Is 52903873 a multiple of 2967?
False
Is 4571594 a multiple of 557?
False
Is 332689097 a multiple of 2595?
False
Is 405 a factor of 47343913?
False
Is 16825203 a multiple of 1159?
True
Is 2887 a factor of 461455001?
False
Does 4 divide 21129457?
False
Is 2960 a factor of 4934320?
True
Does 878 divide 4962456?
True
Does 42 divide 29980425?
False
Does 23 divide 6359399650?
False
Is 7 a factor of 52785413?
False
Is 34 a factor of 630806720?
False
Does 13 divide 5045903005?
True
Is 703203161 a multiple of 4365?
False
Does 349 divide 44708829?
False
Does 682 divide 91543166?
False
Is 2820523 a multiple of 181?
True
Is 19 a factor of 89541349?
False
Does 986 divide 111550124?
True
Does 223 divide 418162910?
True
Is 75784271 a multiple of 31?
False
Is 223036032 a multiple of 1608?
True
Is 473239133 a multiple of 13?
False
Is 73502899 a multiple of 217?
False
Is 19939878 a multiple of 986?
True
Is 1366711212 a multiple of 1867?
True
Is 13 a factor of 19829550?
True
Does 4 divide 405818596?
True
Does 244 divide 1029176140?
True
Is 59078866 a multiple of 14?
True
Does 6412 divide 1544682860?
True
Is 677 a factor of 108148042?
True
Is 201541494 a multiple of 34?
True
Is 753442071 a multiple of 4107?
False
Does 49 divide 565939911?
False
Is 419151150 a multiple of 7650?
True
Is 31986144 a multiple of 2019?
False
Is 263 a factor of 29244147?
False
Does 14 divide 2466436?
True
Is 51370644 a multiple of 163?
False
Is 944 a factor of 2338270775?
False
Is 1163478444 a multiple of 12?
True
Is 853579104 a multiple of 19?
True
Is 93294077 a multiple of 1246?
False
Is 411460140 a multiple of 30?
True
Does 136 divide 11914144?
True
Is 23502839 a multiple of 8?
False
Is 719 a factor of 36788845?
False
Does 809 divide 1788282803?
False
Is 21861056 a multiple of 8?
True
Does 223 divide 22928665?
False
Is 136483146 a multiple of 392?
False
Is 64283650 a multiple of 2155?
True
Is 2303208622 a multiple of 22?
True
Is 12 a factor of 15415747?
False
Is 396 a factor of 797940?
True
Does 3 divide 98460783?
True
Is 48 a factor of 21703488?
True
Is 367 a factor of 1105132872?
False
Does 3345 divide 616029212?
False
Is 3 a factor of 945811?
False
Is 62932583 a multiple of 692?
False
Does 447 divide 272026320?
True
Is 2 a factor of 221733311?
False
Is 647510464 a multiple of 13?
False
Does 74 divide 54840512?
True
Is 38005422 a multiple of 26?
True
Does 349 divide 193392117?
False
Is 36861533 a multiple of 1063?
False
Is 2282 a factor of 132605662?
False
Does 553 divide 94281365?
False
Is 14 a factor of 58895907?
False
Is 1749027 a multiple of 1177?
False
Is 4158121 a multiple of 19?
False
Does 12 divide 2577413304?
True
Is 840 a factor of 31762920?
True
Is 96 a factor of 432551443?
False
Is 38 a factor of 1392980?
False
Is 782 a factor of 14876712?
False
Is 337 a factor of 423879028?
False
Is 273 a factor of 23824553?
False
Is 138621912 a multiple of 1912?
True
Is 37245952 a multiple of 3490?
False
Is 19 a factor of 45632585?
True
Is 8 a factor of 18755908?
False
Is 241 a factor of 176412?
True
Is 1181 a factor of 16622880?
False
Does 21 divide 397507341?
True
Does 9 divide 125619646?
False
Is 26527173 a multiple of 137?
True
Is 198482064 a multiple of 528?
True
Is 80829858 a multiple of 174?
False
Is 7 a factor of 98224072?
False
Does 17 divide 162346175?
True
Is 56 a factor of 55632096?
False
Does 21 divide 3669466?
False
Is 59 a factor of 144343736?
True
Does 166 divide 48543637?
False
Does 5 divide 3941140?
True
Is 5700816 a multiple of 8?
True
Does 54 divide 2191229795?
False
Is 91558219 a multiple of 11?
False
Is 295278830 a multiple of 1265?
True
Is 257272162 a multiple of 434?
True
Does 361 divide 46486355?
False
Is 38 a factor of 1108266027?
False
Is 1417810322 a multiple of 2969?
True
Is 1712136668 a multiple of 6796?
True
Is 94 a factor of 732990944?
True
Is 133849288 a multiple of 472?
True
Does 33 divide 56583377?
False
Is 10 a factor of 152377200?
True
Is 2729933797 a multiple of 64?
False
Is 154968964 a multiple of 65?
False
Is 12 a factor of 248212161?
False
Does 714 divide 458345874?
True
Is 107 a factor of 608340511?
False
Does 784 divide 1016209040?
True
Is 39539018 a multiple of 5?
False
Does 1778 divide 58823352?
True
Is 990 a factor of 90352350?
True
Is 58783488 a multiple of 384?
True
Is 71818339 a multiple of 30?
False
Is 1039129604 a multiple of 3511?
True
Does 652 divide 117910940?
True
Does 310 divide 17534220?
True
Is 8079 a factor of 148975879?
False
Is 117 a factor of 228623967?
True
Does 908 divide 1248147063?
False
Is 732720141 a multiple of 764?
False
Is 148931104 a multiple of 34?
False
Does 79 divide 62998701?
False
Is 938598113 a multiple of 6335?
False
Is 5468895708 a multiple of 13603?
True
Does 10 divide 61061855?
False
Is 4003 a factor of 6564920?
True
Is 23017227 a multiple of 2231?
True
Does 50 divide 896700?
True
Is 24828380 a multiple of 590?
True
Does 10 divide 64337030?
True
Is 14316258 a multiple of 22?
True
Does 673 divide 800286509?
True
Does 140 divide 3240843340?
True
Is 1074860 a multiple of 333?
False
Is 6 a factor of 1028291?
False
Is 85 a factor of 56681910?
True
Does 60 divide 506917800?
True
Is 176241510 a multiple of 2790?
True
Does 248 divide 2180346560?
True
Does 2182 divide 233168520?
True
Is 17 a factor of 1138439?
True
Is 19 a factor of 16303957?
True
Is 290 a factor of 1863540?
True
Does 1281 divide 118897296?
True
Is 1129 a factor of 508065806?
True
Is 334 a factor of 378036668?
False
Is 615073890 a multiple of 570?
True
Is 35481514 a multiple of 163?
True
Is 214785712 a multiple of 16?
True
Is 1271 a factor of 493018358?
True
Does 105 divide 48049365?
True
Does 25 divide 213888625?
True
Is 18678331 a multiple of 745?
False
Is 25 a factor of 25808769?
False
Is 8809149 a multiple of 38?
False
Is 15468828 a multiple of 407?
False
Does 391 divide 315723898?
True
Is 1109 a factor of 88345158?
True
Does 2268 divide 34785960?
False
Does 361 divide 28006741?
True
Is 3529 a factor of 322161424?
False
Does 929 divide 178517569?
True
Is 1382882460 a multiple of 32?
False
Does 54 divide 496285110?
True
Is 2 a factor of 23715103?
False
Is 1983 a factor of 1800580016?
False
Is 183777740 a multiple of 15?
False
Is 27 a factor of 837705208?
False
Is 4621314 a multiple of 66?
False
Is 8 a factor of 100667208?
True
Is 3177389051 a multiple of 2364?
False
Is 246 a factor of 47969016?
True
Is 1867063915 a multiple of 1784?
False
